at is the units digit of 82388?
8
What is the tens digit of 8407?
0
What is the units digit of 2550?
0
What is the hundreds digit of 7217?
2
What is the units digit of 255?
5
What is the hundreds digit of 1351?
3
What is the units digit of 7372?
2
What is the thousands digit of 1022?
1
What is the tens digit of 15542?
4
What is the hundreds digit of 1336?
3
What is the hundreds digit of 5055?
0
What is the thousands digit of 1682?
1
What is the thousands digit of 2957?
2
What is the hundreds digit of 340?
3
What is the tens digit of 20996?
9
What is the hundreds digit of 4958?
9
What is the units digit of 18505?
5
What is the units digit of 9767?
7
What is the hundreds digit of 37827?
8
What is the units digit of 60057?
7
What is the thousands digit of 1781?
1
What is the tens digit of 12783?
8
What is the tens digit of 1779?
7
What is the hundreds digit of 4629?
6
What is the units digit of 1?
1
What is the thousands digit of 58476?
8
What is the units digit of 37430?
0
What is the units digit of 1859?
9
What is the units digit of 644?
4
What is the units digit of 5181?
1
What is the thousands digit of 20700?
0
What is the units digit of 18279?
9
What is the hundreds digit of 1518?
5
What is the thousands digit of 11123?
1
What is the thousands digit of 117604?
7
What is the hundreds digit of 31680?
6
What is the units digit of 47725?
5
What is the hundreds digit of 7523?
5
What is the units digit of 11569?
9
What is the tens digit of 12026?
2
What is the ten thousands digit of 18917?
1
What is the thousands digit of 4333?
4
What is the hundreds digit of 2447?
4
What is the thousands digit of 21060?
1
What is the units digit of 1397?
7
What is the thousands digit of 1819?
1
What is the tens digit of 168?
6
What is the ten thousands digit of 41428?
4
What is the units digit of 14884?
4
What is the ten thousands digit of 38967?
3
What is the tens digit of 1664?
6
What is the tens digit of 5273?
7
What is the units digit of 984?
4
What is the ten thousands digit of 142515?
4
What is the hundreds digit of 13409?
4
What is the tens digit of 43943?
4
What is the ten thousands digit of 18630?
1
What is the units digit of 3187?
7
What is the hundreds digit of 8197?
1
What is the units digit of 932?
2
What is the thousands digit of 18051?
8
What is the units digit of 726?
6
What is the tens digit of 21118?
1
What is the thousands digit of 107710?
7
What is the thousands digit of 5862?
5
What is the units digit of 4310?
0
What is the units digit of 16843?
3
What is the tens digit of 5661?
6
What is the units digit of 305?
5
What is the units digit of 4215?
5
What is the thousands digit of 28972?
8
What is the tens digit of 91?
9
What is the units digit of 84?
4
What is the units digit of 5010?
0
What is the hundreds digit of 123443?
4
What is the units digit of 71541?
1
What is the units digit of 1985?
5
What is the ten thousands digit of 98571?
9
What is the hundreds digit of 483?
4
What is the units digit of 11802?
2
What is the units digit of 3658?
8
What is the tens digit of 821?
2
What is the units digit of 51398?
8
What is the ten thousands digit of 26819?
2
What is the hundreds digit of 673?
6
What is the thousands digit of 3036?
3
What is the hundreds digit of 15295?
2
What is the units digit of 3835?
5
What is the tens digit of 29538?
3
What is the hundreds digit of 885?
8
What is the thousands digit of 1251?
1
What is the hundreds digit of 1124?
1
What is the tens digit of 9063?
6
What is the thousands digit of 1400?
1
What is the hundreds digit of 4704?
7
What is the units digit of 16600?
0
What is the thousands digit of 7387?
7
What is the tens digit of 30283?
8
What is the thousands digit of 69109?
9
What is the thousands digit of 17942?
7
What is the thousands digit of 17666?
7
What is the units digit of 1046?
6
What is the ten thousands digit of 54522?
5
What is the units digit of 1242?
2
What is the hundreds digit of 835?
8
What is the hundreds digit of 131?
1
What is the tens digit of 1752?
5
What is the tens digit of 1391?
9
What is the hundreds digit of 40358?
3
What is the tens digit of 562?
6
What is the thousands digit of 2581?
2
What is the units digit of 376?
6
What is the hundreds digit of 1699?
6
What is the hundreds digit of 19163?
1
What is the units digit of 27596?
6
What is the tens digit of 86925?
2
What is the units digit of 11012?
2
What is the tens digit of 1176?
7
What is the hundreds digit of 500?
5
What is the units digit of 81257?
7
What is the hundreds digit of 4196?
1
What is the hundreds digit of 7058?
0
What is the units digit of 6689?
9
What is the ten thousands digit of 22394?
2
What is the tens digit of 2258?
5
What is the hundreds digit of 848?
8
What is the hundreds digit of 16447?
4
What is the hundreds digit of 2967?
9
What is the thousands digit of 1073?
1
What is the tens digit of 15365?
6
What is the units digit of 1900?
0
What is the thousands digit of 33317?
3
What is the hundreds digit of 2062?
0
What is the thousands digit of 7560?
7
What is the units digit of 4083?
3
What is the thousands digit of 2887?
2
What is the thousands digit of 13434?
3
What is the hundreds digit of 353?
3
What is the thousands digit of 1449?
1
What is the thousands digit of 11102?
1
What is the thousands digit of 1954?
1
What is the hundreds digit of 730?
7
What is the thousands digit of 30054?
0
What is the tens digit of 1007?
0
What is the units digit of 18221?
1
What is the ten thousands digit of 93893?
9
What is the hundreds digit of 580?
5
What is the tens digit of 13632?
3
What is the thousands digit of 7566?
7
What is the tens digit of 26816?
1
What is the tens digit of 38?
3
What is the tens digit of 24772?
7
What is the hundreds digit of 1379?
3
What is the thousands digit of 15542?
5
What is the units digit of 285?
5
What is the hundreds digit of 1949?
9
What is the ten thousands digit of 53282?
5
What is the hundreds digit of 4118?
1
What is the units digit of 10741?
1
What is the units digit of 3191?
1
What is the units digit of 46970?
0
What is the tens digit of 8163?
6
What is the units digit of 18940?
0
What is the hundreds digit of 4963?
9
What is the hundreds digit of 22718?
7
What is the tens digit of 394?
9
What is the hundreds digit of 10887?
8
What is the hundreds digit of 4184?
1
What is the hundreds digit of 4925?
9
What is the hundreds digit of 10092?
0
What is the units digit of 1893?
3
What is the thousands digit of 1155?
1
What is the hundreds digit of 116647?
6
What is the units digit of 460?
0
What is the tens digit of 41310?
1
What is the units digit of 2323?
3
What is the thousands digit of 1555?
1
What is the tens digit of 831?
3
What is the units digit of 961?
1
What is the thousands digit of 35355?
5
What is the tens digit of 8430?
3
What is the hundreds digit of 414?
4
What is the hundreds digit of 2455?
4
What is the hundreds digit of 722?
7
What is the tens digit of 6942?
4
What is the tens digit of 16529?
2
What is the units digit of 47096?
6
What is the tens digit of 1871?
7
What is the thousands digit of 17947?
7
What is the thousands digit of 68174?
8
What is the thousands digit of 30064?
0
What is the thousands digit of 34568?
4
What is the hundreds digit of 14072?
0
What is the tens digit of 64?
6
What is the thousands digit of 7657?
7
What is the tens digit of 24910?
1
What is the tens digit of 6608?
0
What is the tens digit of 2260?
6
What is the tens digit of 40426?
2
What is the thousands digit of 32447?
2
What is the tens digit of 83529?
2
What is the tens digit of 2238?
3
What is the tens digit of 8486?
8
What is the tens digit of 2560?
6
What is the tens digit of 1351?
5
What is the units digit of 369?
9
What is the units digit of 694?
4
What is the tens digit of 5204?
0
What is the thousands digit of 1810?
1
What is the ten thousands digit of 18989?
1
What is the tens digit of 268?
6
What is the units digit of 5101?
1
What is the tens digit of 122240?
4
What is the units digit of 64832?
2
What is the tens digit of 1562?
6
What is the ten thousands digit of 81409?
8
What is the thousands digit of 5457?
5
What is the units digit of 892?
2
What is the tens digit of 174?
7
What is the ten thousands digit of 55879?
5
What is the tens digit of 605?
0
What is the units dig